{"id":167,"date":"2024-07-30T14:27:11","date_gmt":"2024-07-30T14:27:11","guid":{"rendered":"https:\/\/vandorunnep.hu\/?page_id=167"},"modified":"2024-07-30T14:51:09","modified_gmt":"2024-07-30T14:51:09","slug":"alomzug-tarsulas","status":"publish","type":"page","link":"https:\/\/vandorunnep.hu\/index.php\/vandorunnep\/szinhazi-eloadasok\/alomzug-tarsulas\/","title":{"rendered":"\u00c1LOMZUG  T\u00c1RSUL\u00c1S"},"content":{"rendered":"\t\t<div data-elementor-type=\"wp-page\" data-elementor-id=\"167\" class=\"elementor elementor-167\">\n\t\t\t\t<div class=\"elementor-element elementor-element-c2ed82a e-grid e-con-boxed e-con e-parent\" data-id=\"c2ed82a\" data-element_type=\"container\">\n\t\t\t\t\t<div class=\"e-con-inner\">\n\t\t\t\t<div class=\"elementor-element elementor-element-cac0ec9 elementor-widget elementor-widget-text-editor\" data-id=\"cac0ec9\" data-element_type=\"widget\" data-widget_type=\"text-editor.default\">\n\t\t\t\t<div class=\"elementor-widget-container\">\n\t\t\t\t\t\t\t\t\t<p><strong>\u00c1lomzug T\u00e1rsul\u00e1s<\/strong><\/p><p>Az <strong>\u00c1lomzug T\u00e1rsul\u00e1s<\/strong> sz\u00f6veges bemutatkoz\u00f3ja m\u00e9g nem k\u00e9sz\u00fclt el, s az itt l\u00e1that\u00f3 k\u00e9pek sem v\u00e9glegesek, csup\u00e1n gondolat\u00e9breszt\u0151k.<\/p>\t\t\t\t\t\t\t\t<\/div>\n\t\t\t\t<\/div>\n\t\t\t\t\t<\/div>\n\t\t\t\t<\/div>\n\t\t\t\t<\/div>\n\t\t","protected":false},"excerpt":{"rendered":"<p>\u00c1lomzug T\u00e1rsul\u00e1s Az \u00c1lomzug T\u00e1rsul\u00e1s sz\u00f6veges bemutatkoz\u00f3ja m\u00e9g nem k\u00e9sz\u00fclt el, s az itt l\u00e1that\u00f3 k\u00e9pek sem v\u00e9glegesek, csup\u00e1n gondolat\u00e9breszt\u0151k.<\/p>\n","protected":false},"author":1,"featured_media":0,"parent":51,"menu_order":2,"comment_status":"closed","ping_status":"closed","template":"","meta":{"footnotes":""},"class_list":["post-167","page","type-page","status-publish","hentry","no-post-thumbnail"],"_links":{"self":[{"href":"https:\/\/vandorunnep.hu\/index.php\/wp-json\/wp\/v2\/pages\/167","targetHints":{"allow":["GET"]}}],"collection":[{"href":"https:\/\/vandorunnep.hu\/index.php\/wp-json\/wp\/v2\/pages"}],"about":[{"href":"https:\/\/vandorunnep.hu\/index.php\/wp-json\/wp\/v2\/types\/page"}],"author":[{"embeddable":true,"href":"https:\/\/vandorunnep.hu\/index.php\/wp-json\/wp\/v2\/users\/1"}],"replies":[{"embeddable":true,"href":"https:\/\/vandorunnep.hu\/index.php\/wp-json\/wp\/v2\/comments?post=167"}],"version-history":[{"count":4,"href":"https:\/\/vandorunnep.hu\/index.php\/wp-json\/wp\/v2\/pages\/167\/revisions"}],"predecessor-version":[{"id":171,"href":"https:\/\/vandorunnep.hu\/index.php\/wp-json\/wp\/v2\/pages\/167\/revisions\/171"}],"up":[{"embeddable":true,"href":"https:\/\/vandorunnep.hu\/index.php\/wp-json\/wp\/v2\/pages\/51"}],"wp:attachment":[{"href":"https:\/\/vandorunnep.hu\/index.php\/wp-json\/wp\/v2\/media?parent=167"}],"curies":[{"name":"wp","href":"https:\/\/api.w.org\/{rel}","templated":true}]}}